e z(2). Let c = 164 - r. Calculate the remainder when c is divided by 15.
13
Suppose -2*f + 81 = 3*s, 4*f + f = 15. Let u(v) be the first derivative of v**3/3 - v**2/2 + 94*v + 4. What is the remainder when u(0) is divided by s?
19
Suppose -34*a = -2131 - 1488 + 763. Calculate the remainder when 481 is divided by a.
61
Let g = -40 - -61. Suppose -210 = -59*i + 58*i. Let y = -202 + i. Calculate the remainder when g is divided by y.
5
Suppose 5*f + 1183 = 2*n, 79*n + 2*f = 84*n - 2947. Calculate the remainder when n is divided by 118.
117
Let s = 8 + 14. Calculate the remainder when s is divided by (3/4)/(150/400) + 5.
1
Suppose -7*p + 305 = -28*p + 1040. Let q(d) = 6*d - 2. What is the remainder when p is divided by q(2)?
5
Let q(a) = 3*a**2 + 16*a. Calculate the remainder when (-6)/(-12) - ((-213)/6 + 3) is divided by q(-6).
9
Calculate the remainder when (-2 + -85)*5/(-3) is divided by 79.
66
Suppose 65*y - 28*y = -22*y + 40946. What is the remainder when y is divided by 171?
10
What is the remainder when 21 - (4 + -5) - -8221 is divided by 19?
16
Let j(t) = 3*t**2 + 10*t - 2. What is the remainder when 53 is divided by j(-4)?
5
Let x(a) = 193*a**3 + a**2. What is the remainder when x(1) is divided by (-1)/(-2) - (-18620)/280?
60
Suppose -1794 = 10*v + 13*v. Let n = -64 - v. What is the remainder when 68 is divided by n?
12
Let f be (3 + 4 + 6)*-4. Let k = f + 52. Suppose -5*w = -2*l + 263, -5*l + k*l = -5*w - 680. What is the remainder when l is divided by 47?
45
Let f(t) be the third derivative of 11*t**4/6 - 61*t**3 - 4*t**2 - 18*t. Calculate the remainder when 39 is divided by f(9).
9
Let u(o) = o**3 - 60*o**2 + 4*o + 165. What is the remainder when u(60) is divided by 148?
109
Suppose d - 1370 = 2*n, 4*n - 5666 - 1268 = -5*d. Calculate the remainder when d is divided by 28.
10
Suppose 5*t = 48 + 17. Calculate the remainder when 40/(-38 + 30) + (-277)/(-1) + -2 is divided by t.
10
Suppose 0 = 39*c - 3751 - 1191 + 1159. What is the remainder when c is divided by 15?
7
Let c(p) be the first derivative of -p**3/3 - 4*p**2 + 55*p + 110. Calculate the remainder when 43 is divided by c(-11).
21
Suppose 3*k + 68*k - 767 = 12*k. What is the remainder when 434 is divided by k?
5
Let t(p) = 1769*p**2 - 6*p - 6. What is the remainder when t(-1) is divided by 30?
29
Let n(z) = 17*z**2 + z + 1. Let j(r) = -5*r**2 + 10*r - 1. Let a be j(2). Calculate the remainder when 66 is divided by n(a).
15
Suppose 0 = 73*s - 54*s. Suppose 6*k + 13*k - 1007 = s. Suppose -4*b + 90 = b. What is the remainder when k is divided by b?
17
Suppose u = -c + 2, 0*c - 20 = 5*c. Suppose u*o = 181 - 37. Calculate the remainder when 189 is divided by o.
21
Let p(h) = -h**3 + 35*h**2 - 32*h - 32. Let c be p(34). Suppose -490 = -c*l + 26*l. What is the remainder when 94 is divided by l?
45
Suppose 48*h - 9703 = -96*h + 24425. Calculate the remainder when h is divided by 78.
3
Let a be 2/(-1)*4/(-8)*-3. Let y be (1*(3 - 4))/(a/(-21)). Let g(s) = -4*s - 19. Calculate the remainder when 52 is divided by g(y).
7
Let v(y) = 4*y**2 + 48*y - 195. Calculate the remainder when v(27) is divided by 98.
97
Suppose -b = 3*o - 25, 5*b + 10*o = 9*o + 139. Suppose -x - 36 = -4*x. Suppose 32*f = b*f + x. Calculate the remainder when 10 is divided by f.
1
Suppose -n + 347 = 5*v, 3*v - 694 = -7*n + 5*n. Calculate the remainder when n is divided by 69.
2
Let t(f) = -19*f - 485. Let l = -73 - -117. What is the remainder when l is divided by t(-26)?
8
Let b(p) = -p**3 - 17*p**2 - 51*p - 16. What is the remainder when b(-17) is divided by 845?
6
Let g(z) = -8*z - 45. Let k be g(-6). Suppose 22 = x + k*j, 5*x + 0*x - 3*j - 38 = 0. What is the remainder when x is divided by 7/(42/36) + (-4 - -1)?
1
Suppose -3*d + 813 - 738 = 5*m, -3*d + 63 = 4*m. Calculate the remainder when 10666 is divided by m.
10
Let g(i) = i**2 + 13*i + 24. Let t be g(-3). Let m(w) = -w**2 - 24*w - 20. Let p = 108 + -62. Calculate the remainder when m(t) is divided by p.
42
Suppose -3*v = -4*p + 6307, 0 = -3*p + 42*v - 47*v + 4694. What is the remainder when p is divided by 6?
1
Let i be 2/1 + 3 - 1. Suppose -5*r + 136 = 4*v, i*r = 2*v - 4*v + 104. What is the remainder when (783/4)/(-27)*-12 is divided by r?
15
Let c(l) = 29*l**2 + 2*l + 3. Let v = 5 - 7. What is the remainder when c(v) is divided by 13?
11
Let t(d) = 20*d + 12. Let j(h) = h**2 + 9*h - 20. Let l be j(-11). What is the remainder when t(l) is divided by 18?
16
Suppose -293*o - 12 = -296*o. Let h = -36 + 47. What is the remainder when h is divided by o?
3
Let s = -82 + 203. Let b = -79 + s. Calculate the remainder when 163 is divided by b.
37
Let f(i) = 2*i + 17. Let v be f(-2). Suppose v = a + 3*z, 4*a + 4*z = 2*z + 42. Calculate the remainder when 57 is divided by a.
7
Suppose 23 = 7*n + 15 - 34. What is the remainder when 198 is divided by n?
0
Let w be -15 + 9 + 691 - 0/2. Suppose 10*o + 525 = w. What is the remainder when 141 is divided by o?
13
Suppose 11*p - 131 = 221. Suppose -2*i + 1 = 5*w - 36, p = 4*i - 4*w. Calculate the remainder when 197 is divided by i.
10
Suppose -120*s - 10008 = -259*s. Let u be 2/(-1 - 1/(-2)). What is the remainder when s is divided by (-1 + 26/u)*-2?
12
Let s be ((-2)/4)/(-7 + (-5877)/(-840)). Suppose t = 2*t, -5*d = -2*t - s. Calculate the remainder when 531 is divided by d.
27
Let w(v) = 6*v + 46. Let a be w(-7). Suppose 2*x - 17 = -2*f + 7, 0 = 2*f - a*x - 24. What is the remainder when (-12)/3*1 + 181 is divided by f?
9
What is the remainder when 20950 is divided by (-36)/648*-45 + (-206)/(-4)?
52
Suppose 2*t + 444 = -t. Let f = t - -162. Calculate the remainder when 40 is divided by f.
12
Let l(b) = 1949*b - 736. Calculate the remainder when l(2) is divided by 44.
38
Let z(l) = l**2 - 46*l - 495. What is the remainder when z(-12) is divided by 35?
26
Let y(j) = 8*j**2 - 3*j + 4. Let b be y(-3). Let g = b - 141. Let w = g + 94. Calculate the remainder when w is divided by 14.
10
Suppose -a - 4*a = 2*j + 102, j + 84 = -4*a. Let z = a - -19. Calculate the remainder when (-1*(-26)/(-6))/(1/z) is divided by 3.
1
Suppose 1336 = 101*t - 2015 - 2103. What is the remainder when 3346 is divided by t?
52
Calculate the remainder when 903 is divided by (-4)/10 + (-313028)/(-695).
3
Let f = 227 - 41. Let v = -149 + f. Calculate the remainder when v is divided by 8.
5
Let h(b) = 3*b**3 - 44*b**2 - 12*b - 24. Suppose 0 = -3*r - 0*r - 9, -q = 3*r - 26. Suppose 4*w - q = 105. Calculate the remainder when w is divided by h(15).
14
Suppose -53*d + 31497 + 77051 = -9*d. Calculate the remainder when d is divided by 24.
19
Let t(d) = -12*d**2 - 314*d + 116. What is the remainder when 199 is divided by t(-26)?
31
Suppose 4*p - 390 = -5*t, 5*p + 10 = 7*p. Suppose 3*x - t = a, -45*x + 46*x - 5*a = 34. Calculate the remainder when 119 is divided by x.
23
Let d be 1*2*(-2)/4. Let f = d - -22. What is the remainder when ((1312/(-16))/((-5)/(-3)))/((-207)/345) is divided by f?
19
Calculate the remainder when (-17 - 3)*(-187)/34 is divided by 43.
24
Suppose -6*u = -422 + 134. What is the remainder when u is divided by (-20)/(-2) + (23 - 27)?
0
Suppose -h + 5*p + 503 + 1219 = 0, 3499 = 2*h + p. What is the remainder when h is divided by 92?
91
Suppose -2*l - 3*n + 47 = 2*n, 4*l = 2*n + 130. Calculate the remainder when 223 is divided by l.
6
Let t = 175 - 35. Let v = t - 89. Let w = v - 16. What is the remainder when w is divided by 13?
9
Let v be (-60)/(-4 + -1) + 0. Suppose 3*s - v = 0, 0 = m - 7*s + 4*s - 22. Calculate the remainder when 101 is divided by m.
33
Suppose 5*v - 9 = 8*v, -5*h + 1127 = v. Let y = -129 + h. Suppose -3*m + 4*z = -60, -4*m + 20 = -3*m + 5*z. Calculate the remainder when y is divided by m.
17
Let v = 1278 - 1209. Calculate the remainder when -2 - (-2 - 1 - 1514) is divided by v.
66
Calculate the remainder when (21*3)/((-31)/(4123/(-57))) is divided by 59.
29
Let i = -159 - -162. Suppose -3*h = 4*n - 31, i - 4 = -n. What is the remainder when 17 is divided by h?
8
Suppose 2*a - 3*a = 3*s - 16, 5*a = 5*s. Suppose -5*v = -a*c + 51, -2*c - 5*v + 48 = -3*v. Calculate the remainder when c is divided by 1/(-2) + (-42)/(-4).
9
Let x be (-1)/4*1 + (-13)/(-4). Suppose 5*p + n + 0*n + 308 = 0, 3*p = x*n - 174. Let o = p + 73. What is th